ommon divisor of 630 and 98?
14
What is the highest common divisor of 880 and 286?
22
What is the highest common factor of 168 and 826?
14
What is the greatest common divisor of 132 and 4532?
44
Calculate the greatest common factor of 81 and 3321.
81
What is the greatest common divisor of 2295 and 5610?
255
What is the greatest common factor of 4360 and 40?
40
What is the highest common factor of 37 and 4?
1
What is the greatest common factor of 21 and 3?
3
What is the greatest common factor of 2 and 226?
2
Calculate the greatest common divisor of 344 and 8.
8
What is the highest common divisor of 91 and 39?
13
What is the greatest common divisor of 765 and 855?
45
Calculate the greatest common factor of 3703 and 69.
23
Calculate the greatest common factor of 5940 and 99.
99
Calculate the highest common divisor of 234 and 3432.
78
Calculate the highest common divisor of 63 and 1113.
21
What is the greatest common factor of 261 and 9?
9
Calculate the greatest common divisor of 28 and 31052.
28
What is the highest common divisor of 1379 and 1970?
197
What is the highest common factor of 312 and 392?
8
What is the highest common factor of 275 and 55?
55
What is the greatest common divisor of 60 and 4476?
12
What is the highest common divisor of 2016 and 648?
72
What is the greatest common divisor of 336 and 168?
168
What is the greatest common divisor of 686 and 4?
2
What is the greatest common divisor of 9101 and 38?
19
Calculate the greatest common factor of 327 and 13843.
109
Calculate the greatest common factor of 42 and 10.
2
What is the highest common factor of 138 and 322?
46
What is the highest common factor of 24 and 112?
8
Calculate the greatest common factor of 50 and 7550.
50
Calculate the greatest common divisor of 2 and 82.
2
What is the greatest common divisor of 4104 and 798?
114
What is the highest common divisor of 105 and 455?
35
Calculate the highest common factor of 242 and 407.
11
What is the highest common divisor of 744 and 48?
24
Calculate the highest common divisor of 7 and 399.
7
Calculate the highest common divisor of 1605 and 15.
15
Calculate the greatest common factor of 108 and 27.
27
Calculate the greatest common factor of 66 and 2490.
6
Calculate the greatest common factor of 33 and 9493.
11
What is the greatest common factor of 29 and 31639?
29
Calculate the greatest common factor of 2530 and 660.
110
Calculate the highest common factor of 61206 and 303.
303
What is the highest common divisor of 192 and 12?
12
What is the greatest common factor of 86 and 989?
43
Calculate the greatest common factor of 657 and 9.
9
What is the greatest common divisor of 31 and 4?
1
What is the highest common factor of 1005 and 7638?
201
What is the highest common factor of 50 and 575?
25
What is the greatest common divisor of 1302 and 42?
42
What is the greatest common factor of 2 and 902?
2
Calculate the greatest common divisor of 299 and 52.
13
What is the greatest common factor of 159 and 106?
53
What is the greatest common divisor of 80 and 5000?
40
Calculate the highest common divisor of 100 and 4825.
25
Calculate the greatest common divisor of 2262 and 52.
26
What is the greatest common factor of 200 and 8?
8
What is the greatest common factor of 679 and 291?
97
Calculate the greatest common factor of 192 and 216.
24
What is the greatest common factor of 10282 and 194?
194
What is the highest common factor of 2140 and 40?
20
What is the greatest common divisor of 148 and 2812?
148
Calculate the greatest common divisor of 3045 and 1680.
105
Calculate the highest common divisor of 348 and 5568.
348
What is the greatest common divisor of 253 and 2944?
23
What is the greatest common factor of 984 and 8?
8
Calculate the highest common divisor of 7 and 448.
7
Calculate the highest common divisor of 725 and 580.
145
What is the greatest common divisor of 102 and 12?
6
Calculate the highest common factor of 472 and 354.
118
Calculate the greatest common factor of 48 and 6.
6
What is the greatest common divisor of 41 and 1763?
41
Calculate the highest common divisor of 5 and 5.
5
What is the greatest common factor of 1356 and 8?
4
What is the greatest common factor of 39 and 767?
13
What is the greatest common divisor of 99 and 6270?
33
Calculate the greatest common factor of 33 and 550.
11
Calculate the highest common factor of 77 and 220.
11
Calculate the greatest common divisor of 4454 and 1048.
262
Calculate the greatest common divisor of 47625 and 381.
381
What is the greatest common factor of 102 and 42?
6
What is the greatest common divisor of 1345 and 1076?
269
What is the highest common divisor of 121 and 2299?
121
Calculate the highest common factor of 651 and 310.
31
What is the highest common factor of 95 and 57?
19
What is the highest common factor of 56 and 88?
8
What is the highest common factor of 318 and 4187?
53
Calculate the greatest common factor of 496 and 31.
31
What is the greatest common factor of 52 and 2470?
26
Calculate the greatest common divisor of 149 and 7897.
149
Calculate the highest common divisor of 120 and 160.
40
Calculate the highest common divisor of 494 and 390.
26
Calculate the highest common factor of 1394 and 374.
34
What is the greatest common divisor of 140 and 1435?
35
Calculate the highest common divisor of 72 and 16.
8
What is the greatest common divisor of 11 and 253?
11
What is the highest common factor of 255 and 60?
15
What is the greatest common factor of 25 and 275?
25
Calculate the greatest common factor of 228 and 30.
6
Calculate the greatest common factor of 6 and 44.
2
Calculate the highest common divisor of 28 and 13468.
28
What is the highest common factor of 260 and 338?
26
Calculate the greatest common factor of 5 and 50.
5
What is the greatest common factor of 2169 and 9?
9
What is the greatest common factor of 736 and 1504?
32
What is the highest common factor of 105 and 45?
15
What is the greatest common divisor of 32 and 4?
4
What is the greatest common factor of 2666 and 43?
43
What is the greatest common divisor of 646 and 2926?
38
Calculate the highest common factor of 15 and 270.
15
Calculate the highest common divisor of 17 and 8976.
17
Calculate the greatest common factor of 70 and 3934.
14
Calculate the highest common divisor of 138 and 874.
46
Calculate the greatest common factor of 30 and 1335.
15
What is the highest common factor of 11 and 528?
11
Calculate the greatest common divisor of 1469 and 13.
13
What is the highest common divisor of 222 and 54?
6
What is the greatest common divisor of 425 and 1530?
85
What is the greatest common factor of 18 and 2?
2
Calculate the highest common factor of 100 and 225.
25
Calculate the greatest common factor of 215 and 602.
43
Calculate the highest common divisor of 93 and 27683.
31
Calculate the highest common divisor of 57 and 589.
19
What is the greatest common factor of 29907 and 9?
9
What is the greatest common factor of 42 and 98?
14
Calculate the highest common factor of 48365 and 170.
85
Calculate the greatest common factor of 216 and 24.
24
What is the highest common factor of 1176 and 7350?
294
What is the greatest common factor of 1050 and 6?
6
What is the greatest common divisor of 18 and 540?
18
What is the highest common factor of 3993 and 165?
33
What is the highest common factor of 108 and 1056?
12
What is the highest common divisor of 22 and 31372?
22
Calculate the greatest common factor of 14 and 33334.
14
What is the greatest common divisor of 992 and 62?
62
Calculate the highest common divisor of 71557 and 878.
439
Calculate the highest common divisor of 871 and 737.
67
What is the greatest common factor of 5797 and 62?
31
Calculate the highest common factor of 84 and 40.
4
Calculate the greatest common divisor of 14 and 1162.
14
Calculate the greatest common divisor of 689 and 53.
53
What is the highest common divisor of 26 and 2197?
13
Calculate the highest common factor of 1073 and 377.
29
Calculate the highest common factor of 120 and 80.
40
Calculate the highest common factor of 180 and 260.
20
Calculate the greatest common divisor of 35 and 20.
5
Calculate the highest common factor of 2457 and 6804.
189
What is the greatest common factor of 584 and 1095?
73
Calculate the greatest common f